ue
Is 48647 a prime number?
True
Is 8861 a prime number?
True
Is 29917 composite?
False
Is 11243 composite?
False
Is 10453 composite?
False
Is 149197 prime?
True
Is 53479 a prime number?
True
Is 10573 composite?
True
Is 163927 composite?
False
Is 54217 composite?
False
Is 655777 a prime number?
False
Is 3035 a prime number?
False
Is 4861 a composite number?
False
Is 193423 prime?
True
Is 768178 composite?
True
Is 163407 a prime number?
False
Is 101359 composite?
False
Is 1042 a composite number?
True
Is 4253 a composite number?
False
Is 32321 composite?
False
Is 489589 a prime number?
False
Is 457871 prime?
True
Is 23417 composite?
False
Is 12893 composite?
False
Is 491 composite?
False
Is 46907 a composite number?
True
Is 84599 a prime number?
False
Is 204461 a composite number?
False
Is 186299 a composite number?
False
Is 4987 a composite number?
False
Is 426131 a prime number?
True
Is 893 prime?
False
Is 49081 composite?
False
Is 1117 composite?
False
Is 431329 prime?
True
Is 7369 a prime number?
True
Is 82931 a prime number?
False
Is 151537 a prime number?
True
Is 13063 a composite number?
False
Is 1931 composite?
False
Is 13081 a prime number?
False
Is 272903 prime?
True
Is 59797 a prime number?
True
Is 631 prime?
True
Is 1618 prime?
False
Is 18947 a prime number?
True
Is 3516593 prime?
True
Is 22843 composite?
True
Is 988657 composite?
True
Is 17197 a composite number?
True
Is 6431 composite?
True
Is 2287 composite?
False
Is 7781 a composite number?
True
Is 14081 composite?
False
Is 493853 prime?
True
Is 3323 a prime number?
True
Is 11463 composite?
True
Is 33521 a prime number?
True
Is 685 prime?
False
Is 2361 prime?
False
Is 442903 prime?
True
Is 2125342 a prime number?
False
Is 39209 prime?
True
Is 32081 composite?
True
Is 8147 prime?
True
Is 2514509 prime?
True
Is 141041 composite?
False
Is 37463 a prime number?
True
Is 22613 composite?
False
Is 354121 prime?
True
Is 29431 prime?
False
Is 81335 a composite number?
True
Is 673774 prime?
False
Is 36658 a composite number?
True
Is 65519 composite?
False
Is 307381 composite?
False
Is 126303 a composite number?
True
Is 93361 composite?
True
Is 7919 a prime number?
True
Is 851871 prime?
False
Is 243541 composite?
True
Is 37402 prime?
False
Is 181183 prime?
True
Is 1282739 a composite number?
False
Is 132393 a composite number?
True
Is 15503 a prime number?
False
Is 231821 composite?
False
Is 52361 a composite number?
False
Is 322319 a prime number?
True
Is 24359 a composite number?
False
Is 30803 composite?
False
Is 436733 a composite number?
True
Is 279949 prime?
True
Is 245161 prime?
False
Is 17569 prime?
True
Is 73579 a prime number?
False
Is 70769 prime?
True
Is 31259 a composite number?
False
Is 107923 a composite number?
False
Is 30367 prime?
True
Is 14029 a prime number?
True
Is 8191 composite?
False
Is 330699 a composite number?
True
Is 51079 prime?
False
Is 45295 a prime number?
False
Is 312839 prime?
True
Is 6031 composite?
True
Is 60859 a composite number?
False
Is 38461 a composite number?
False
Is 308449 a prime number?
False
Is 77 prime?
False
Is 30593 composite?
False
Is 19771 a prime number?
False
Is 23699 a prime number?
False
Is 169707 composite?
True
Is 673 prime?
True
Is 185891 composite?
True
Is 8657 prime?
False
Is 20697 a prime number?
False
Is 2047511 a prime number?
False
Is 1893 a prime number?
False
Is 362569 prime?
True
Is 116953 a prime number?
True
Is 36169 a composite number?
True
Is 939 a prime number?
False
Is 297757 a prime number?
True
Is 639335 prime?
False
Is 458449 composite?
False
Is 2885 composite?
True
Is 21911 composite?
False
Is 55882 prime?
False
Is 265877 prime?
False
Is 30389 prime?
True
Is 8123 prime?
True
Is 157786 prime?
False
Is 5261 composite?
False
Is 1039 a prime number?
True
Is 1658989 a composite number?
False
Is 2811 composite?
True
Is 32909 a composite number?
False
Is 1201879 a composite number?
True
Is 6721133 a composite number?
False
Is 4177 prime?
True
Is 7787 a prime number?
False
Is 208291 prime?
True
Is 120287 prime?
False
Is 4229 a composite number?
False
Is 16003 a prime number?
False
Is 3981 a composite number?
True
Is 67813 a prime number?
False
Is 27677 a prime number?
False
Is 365659 a prime number?
False
Is 37211 prime?
False
Is 37423 composite?
False
Is 90371 prime?
True
Is 92297 a prime number?
True
Is 76421 a prime number?
True
Is 125527 prime?
True
Is 10369 a prime number?
True
Is 828401 a composite number?
True
Is 7033 prime?
False
Is 707219 prime?
True
Is 829211 a composite number?
False
Is 7621 prime?
True
Is 217643 prime?
True
Is 6887 composite?
True
Is 130297 prime?
False
Is 667 prime?
False
Is 16361 prime?
True
Is 1825939 composite?
True
Is 579809 a composite number?
False
Is 1152061 prime?
False
Is 16361 a prime number?
True
Is 260731 a composite number?
True
Is 583951 composite?
True
Is 72997 a composite number?
False
Is 15689 composite?
True
Is 17074 a composite number?
True
Is 3109 a composite number?
False
Is 70363 a composite number?
True
Is 51763 a prime number?
False
Is 7681 a composite number?
False
Is 1543 a prime number?
True
Is 3540157 composite?
False
Is 2073 a composite number?
True
Is 417485 composite?
True
Is 51031 a composite number?
False
Is 64861 a composite number?
True
Is 4889 prime?
True
Is 1193657 a composite number?
True
Is 983179 a prime number?
True
Is 23857 composite?
False
Is 14109 a prime number?
False
Is 72613 a prime number?
True
Is 13901 prime?
True
Is 294107 composite?
True
Is 405901 a prime number?
True
Is 3137 a composite number?
False
Is 1462883 composite?
False
Is 23417 prime?
True
Is 29059 a composite number?
False
Is 7411 composite?
False
Is 378809 composite?
False
Is 11917 composite?
True
Is 245251 composite?
False
Is 9491 composite?
False
Is 824123 composite?
False
Is 17617 prime?
False
Is 14369 a prime number?
True
Is 11027 prime?
True
Is 249605 a composite number?
True
Is 191 prime?
True
Is 18826 a prime number?
False
Is 4201 a prime number?
True
Is 37049 a prime number?
True
Is 10007 prime?
True
Is 115 a composite number?
True
Is 58181 prime?
False
Is 1758131 prime?
True
Is 2203 a prime number?
True
Is 59863 composite?
False
Is 107467 a prime number?
True
Is 367721 a prime number?
True
Is 40069 a prime number?
False
Is 243619 prime?
False
Is 82339 a prime number?
True
Is 158803 prime?
True
Is 2073 a prime number?
False
Is 5809 a composite number?
True
Is 1553281 prime?
True
Is 10267 composite?
False
Is 56697 a prime number?
False
Is 108701 prime?
False
Is 680551 a composite number?
True
Is 12211 a prime number?
True
Is 188159 composite?
False
Is 21377 prime?
True
Is 14143 prime?
True
Is 401381 prime?
True
Is 8683 a composite number?
True
Is 162209 a prime number?
True
Is 83263 a prime number?
False
Is 1614482 prime?
False
Is 30551 a prime number?
False
Is 38746 a composite number?
True
Is 15499 prime?
False
Is 89629 composite?
True
Is 2512058 a composite number?
True
Is 253309 prime?
False
Is 151783 a prime number?
True
Is 34211 composite?
False
Is 231107 a composite number?
False
Is 5839 a composite number?
False
Is 290959 a prime number?
True
Is 49103 a prime number?
True
Is 227887 prime?
False
Is 3379253 prime?
False
Is 557 prime?
True
Is 13147 a prime number?
True
Is 3761 a prime number?
True
Is 105827 composite?
True
Is 205201 a composite number?
False
Is 80257 composite?
True
Is 33227 composite?
True
Is 16007 a prime number?
True
Is 55253 a prime number?
False
Is 214759 composite?
False
Is 205651 a composite number?
False
Is 737591 composite?
False
Is 181549 prime?
True
Is 554 a composite number?
True
Is 24355 a composite number?
True
Is 28429 composite?
False
Is 198673 composite?
False
Is 138781 a composite number?
True
Is 14669 a prime number?
True
Is 49871 composite?
False
Is 166723 composite?
False
Is 7851 prime?
False
Is 2077 a composite number?
True
Is 1356181 prime?
True
Is 288389 a prime number?
True
Is 12989 a prime number?
False
Is 36691 prime?
True
Is 4435 composite?
True
Is 61853 a composite number?
True
Is 12499 composite?
True
Is 471161 prime?
True
Is 664179 a prime number?
False
Is 108809 composite?
True
Is 166723 a composite number?
False
Is 3261 a composite number?
True
Is 81509 a composite number?
False
Is 652163 prime?
False
Is 3761 a c